{"id":132,"date":"2013-11-19T20:15:37","date_gmt":"2013-11-19T18:15:37","guid":{"rendered":"http:\/\/www.scriptrix.de\/?page_id=132"},"modified":"2018-05-20T00:34:52","modified_gmt":"2018-05-19T22:34:52","slug":"kontaktimpressum","status":"publish","type":"page","link":"https:\/\/www.scriptrix.de\/?page_id=132","title":{"rendered":"Kontakt\/Impressum"},"content":{"rendered":"<p><span style=\"font-family: arial,helvetica,sans-serif; font-size: medium;\"><strong>Impressum<\/strong><\/span><\/p>\n<p><span style=\"font-family: arial,helvetica,sans-serif; font-size: medium;\">Angaben gem\u00e4\u00df \u00a7 5 TMG:<\/span><\/p>\n<p><span style=\"font-family: arial,helvetica,sans-serif; font-size: medium;\">Beate Schlachter<\/span><br \/>\n<span style=\"font-family: arial,helvetica,sans-serif; font-size: medium;\"> Scriptrix \u2013 Text. Redaktion. Lektorat.<\/span><br \/>\n<span style=\"font-family: arial,helvetica,sans-serif; font-size: medium;\"> Jamnitzerstra\u00dfe 19<\/span><br \/>\n<span style=\"font-family: arial,helvetica,sans-serif; font-size: medium;\"> 81543 M\u00fcnchen<\/span><\/p>\n<p><span style=\"font-family: arial,helvetica,sans-serif; font-size: medium;\"><strong>Kontakt<\/strong><\/span><\/p>\n<p><span style=\"font-family: arial,helvetica,sans-serif; font-size: medium;\">Telefon: 089 62420959<\/span><br \/>\n<span style=\"font-family: arial,helvetica,sans-serif; font-size: medium;\"> E-Mail: <a href=\"mailto:info@scriptrix.de\">info@scriptrix.de<\/a><\/span><\/p>\n<p><span style=\"font-family: arial,helvetica,sans-serif; font-size: medium;\"><strong>Umsatzsteuer-ID:<\/strong><\/span><\/p>\n<p><span style=\"font-family: arial,helvetica,sans-serif; font-size: medium;\">Umsatzsteuer-Identifikationsnummer gem\u00e4\u00df \u00a727 a Umsatzsteuergesetz:<\/span><br \/>\n<span style=\"font-family: arial,helvetica,sans-serif; font-size: medium;\"> DE204719422<\/span><\/p>\n<p><span style=\"font-family: arial,helvetica,sans-serif; font-size: medium;\"><strong>Verantwortlich<\/strong><\/span><\/p>\n<p><span style=\"font-family: arial,helvetica,sans-serif; font-size: medium;\">Verantwortlich f\u00fcr den Inhalt nach \u00a7 55 Abs. 2 RStV:<\/span><br \/>\n<span style=\"font-family: arial,helvetica,sans-serif; font-size: medium;\"> Beate Schlachter<\/span><\/p>\n<p><span style=\"font-family: arial,helvetica,sans-serif; font-size: medium;\">Das Impressum wurde mithilfe des Impressumsgenerators von\u00a0<a href=\"http:\/\/www.e-recht24.de\/\" target=\"_blank\" rel=\"noopener\">eRecht24<\/a> erstellt, dem Portal zum Internetrecht von Rechtsanwalt S\u00f6ren Siebert.<\/span><\/p>\n","protected":false},"excerpt":{"rendered":"<p>Impressum Angaben gem\u00e4\u00df \u00a7 5 TMG: Beate Schlachter Scriptrix \u2013 Text. Redaktion. Lektorat. Jamnitzerstra\u00dfe 19 81543 M\u00fcnchen Kontakt Telefon: 089 62420959 E-Mail: info@scriptrix.de Umsatzsteuer-ID: Umsatzsteuer-Identifikationsnummer gem\u00e4\u00df \u00a727 a Umsatzsteuergesetz: DE204719422 Verantwortlich Verantwortlich f\u00fcr den Inhalt nach \u00a7 55 Abs. 2 &hellip; <a href=\"https:\/\/www.scriptrix.de\/?page_id=132\">Weiterlesen <span class=\"meta-nav\">&rarr;<\/span><\/a><\/p>\n","protected":false},"author":1,"featured_media":0,"parent":0,"menu_order":5,"comment_status":"closed","ping_status":"closed","template":"onecolumn-page.php","meta":{"footnotes":""},"class_list":["post-132","page","type-page","status-publish","hentry"],"_links":{"self":[{"href":"https:\/\/www.scriptrix.de\/index.php?rest_route=\/wp\/v2\/pages\/132","targetHints":{"allow":["GET"]}}],"collection":[{"href":"https:\/\/www.scriptrix.de\/index.php?rest_route=\/wp\/v2\/pages"}],"about":[{"href":"https:\/\/www.scriptrix.de\/index.php?rest_route=\/wp\/v2\/types\/page"}],"author":[{"embeddable":true,"href":"https:\/\/www.scriptrix.de\/index.php?rest_route=\/wp\/v2\/users\/1"}],"replies":[{"embeddable":true,"href":"https:\/\/www.scriptrix.de\/index.php?rest_route=%2Fwp%2Fv2%2Fcomments&post=132"}],"version-history":[{"count":9,"href":"https:\/\/www.scriptrix.de\/index.php?rest_route=\/wp\/v2\/pages\/132\/revisions"}],"predecessor-version":[{"id":1064,"href":"https:\/\/www.scriptrix.de\/index.php?rest_route=\/wp\/v2\/pages\/132\/revisions\/1064"}],"wp:attachment":[{"href":"https:\/\/www.scriptrix.de\/index.php?rest_route=%2Fwp%2Fv2%2Fmedia&parent=132"}],"curies":[{"name":"wp","href":"https:\/\/api.w.org\/{rel}","templated":true}]}}